remainder when 3590 is divided by (-2*1/2)/(-19 - 1190/(-63)).
8
Suppose -16*u - 9*u = -3575. Calculate the remainder when 432 is divided by u.
3
Suppose 3*t + 3*l = 45, 3*t = 2*l - 3*l + 41. What is the remainder when (-3)/((-126)/21234) - 57/(-133) is divided by t?
12
Suppose 9*q + 261 = 234. What is the remainder when 276 is divided by (-16)/(q/((-189)/(-18)))?
52
Let a = 1 + -6. What is the remainder when 33 is divided by (-4 - a)/(2*(-3)/(-30))?
3
Let b(z) = 2*z**2 + 127*z + 217. Let m = -9 + 13. Suppose m*n = 3*n + 90. Calculate the remainder when n is divided by b(-62).
28
Suppose -7*v + 8*v - 2215 = -5*u, 3*v + u = 6673. Calculate the remainder when v is divided by 14.
13
Let v be ((-1599)/(-325) - 2/(-25))/1. Suppose 3*y + v*i - 43 = 0, 11 = 2*y + 2*i - 15. Calculate the remainder when (-72)/(-2) + 2/(-2) is divided by y.
2
Let c(k) = k + 7. Let n be c(14). Let r = -19 + n. Suppose -4*z + f + 115 = 6, -3*z + 83 = -r*f. What is the remainder when 105 is divided by z?
24
Let i = 349 + -346. Suppose 3*l - 113 = -4*v, 7*l - 10*l = -i*v + 111. Calculate the remainder when v is divided by 23.
9
Calculate the remainder when 307*(80/38 + 206/(-1957)) is divided by 161.
131
Let v = 9299 - 9283. Suppose -4*d + 125 = -399. Suppose -2*g + d = g - 2*o, -4*o = -8. What is the remainder when g is divided by v?
13
Let x(l) = -l**2 - 1. Let a be x(1). Let b be a/(-6) + 123/9. Suppose -2*m + g + b = 0, -3*m + 19 = -3*g - 2. Calculate the remainder when m is divided by 5.
2
Let k be (112/80)/((-2)/(-130)). Suppose 9*z + 28 = k. Calculate the remainder when z is divided by (7/2)/(1/2).
0
Let m = -3 + 3. Suppose m*l = -4*l + 80. Calculate the remainder when l is divided by (-140)/(-21) + 2/(6/1).
6
Let x be 7 - 1/2*(-25 + 31). Suppose 21 = x*a - 159. What is the remainder when a is divided by 24?
21
Suppose -23*g + 30*g + 416 = 4*d, 0 = -2*g - 2*g + 16. Suppose 0 = u - 5*z - 22, 0*u = 2*u + 2*z - 44. Calculate the remainder when d is divided by u.
1
Let l = 5 + -14. Calculate the remainder when (-10)/(-45) + (-223)/l is divided by -1*(-1 + 0) - -12.
12
Let f(p) be the third derivative of p**5/20 + 7*p**4/6 + 53*p**3/6 + 24*p**2 - 7. What is the remainder when 112 is divided by f(-8)?
7
Let t(u) = 11*u - 36. Calculate the remainder when (12 + -15)/(12/(-2896)) is divided by t(8).
48
Let k be (-685)/30 + (-2)/12. Let f = k - -4. Let u(g) = g + 26. Calculate the remainder when 34 is divided by u(f).
6
Suppose 0 = -5*a + 15, 3*f + 0*a = 3*a + 48. Suppose -10*s - 61 - 77 = -2*z, 155 = 3*z - 2*s. What is the remainder when z is divided by f?
11
Suppose d + 2*v - 1090 + 178 = 0, 3*v + 1796 = 2*d. What is the remainder when d is divided by 153?
139
Let l = -124 + 129. Suppose -3*w = 3*u - 516, 5*u - 209 - 651 = l*w. What is the remainder when u is divided by 89?
83
Suppose 2*n = 4*z - 14994, -2982*n = -5*z - 2978*n + 18735. Calculate the remainder when z is divided by 27.
25
Suppose -5*s + 4*s + 4 = 0. Suppose -s*m + 252 = 2*n, -11*m + 6*m + 306 = -2*n. Calculate the remainder when m is divided by 13.
10
Let o = -15 - -34. Let r(k) = 44*k**2 + 274*k - 870. Let a be r(3). Suppose 51 = o*v - a. What is the remainder when 104 is divided by v?
20
Suppose 0 = 4*f - 28, -2*p = 3*f + 58 - 183. What is the remainder when 88 is divided by p?
36
Suppose -2*i + 25 = -23. Let g = i + -11. Suppose g*y - 400 = 9*y. What is the remainder when y is divided by 34?
32
Suppose -137*a - 402 = 420. Suppose -4*g - 2 - 10 = 0. What is the remainder when 87 is divided by g/((-6)/(-4)) - (-11 + a)?
12
Suppose b = 3*y - 1748, 12*b + 2932 = 5*y + 15*b. Calculate the remainder when y is divided by 10.
4
Let x = 108 + -97. Suppose 16 = 19*y - x*y. Calculate the remainder when 30 is divided by y.
0
Let n(y) = y**3 - 4*y**2 - 7*y + 1. Let a = -114048 + 114070. What is the remainder when n(6) is divided by a?
9
Let f = -13804 - -13831. What is the remainder when (-2)/(-8)*-2*-94 is divided by f?
20
Let y be ((-6)/(-9))/((-2)/30). Suppose -4*l + 0*l - 22 = -2*z, -4*z + 4*l + 52 = 0. What is the remainder when 1335/6*y/(-25) is divided by z?
14
Let r(c) = 3*c + 41. Let j be r(-13). What is the remainder when 7 is divided by (-12)/12 + 0 + j?
0
Let o = -1 + 12. Let a(b) = -2*b**2 + 8*b + 5. Let j be a(4). Suppose -156 = -j*g + 49. What is the remainder when g is divided by o?
8
Let u = 2563 - 2520. Suppose -x - 10 = -0*x. Let i = -1 - x. Calculate the remainder when u is divided by i.
7
Suppose -4*c - 19*u + 16*u - 1272 = 0, -u = 4. Let y = -257 - c. Calculate the remainder when y is divided by 20.
18
Let q = 22 + 146. Suppose -5*i + q = -2*i. Calculate the remainder when i is divided by 232/20 + 4 - 6/(-15).
8
Suppose 5*h = 10 + 10. Suppose 3*f = -3*r + 21, 3*r - h*f + 11 - 18 = 0. Suppose 2*l = -0*l + 4. What is the remainder when r is divided by l?
1
Let y = -120 + 120. Suppose y*d - 5*g - 1220 = -5*d, -g = -3*d + 726. Calculate the remainder when d is divided by 49.
45
Let y(m) = -m**3 - 2*m**2 - 9*m + 4918. What is the remainder when y(0) is divided by 60?
58
Let k be ((-105)/(-4))/((-21)/(-112)). Let i = k + -136. What is the remainder when 23 is divided by i?
3
Suppose 2*m - 152*u + 155*u - 263 = 0, 4*u = -5*m + 647. What is the remainder when 3933 is divided by m?
123
What is the remainder when 1471 is divided by 1/((-2)/6) + (3 - 3) + 137?
131
Let j = -69 + 69. Suppose j = -4*z + 4*t + 48, 0 = -z - 3*z + 2*t + 58. Suppose 24 = 2*u - 4*v - 6, -u + 4*v = -z. What is the remainder when u is divided by 5?
3
Let d = -12 - 10. Let w = 10 + 0. What is the remainder when (-392)/d + 6/33 is divided by w?
8
Let w(j) = j**2 - 24*j - 1672. Calculate the remainder when w(65) is divided by 124.
1
Let b(q) = -3*q**3 - 24*q**2 + 35. Calculate the remainder when 103 is divided by b(-8).
33
Calculate the remainder when 654 is divided by ((-7)/5)/(((-126)/1125)/14).
129
Suppose 26*c = 892 + 642. Suppose c*x - 71 = 58*x. Calculate the remainder when 351 is divided by x.
67
Let b(w) be the first derivative of 5*w**4/2 + w**3/3 - w**2 + 2*w - 22. Let y be b(1). Suppose 356 = y*z - 51. What is the remainder when z is divided by 20?
17
Let w = 43 - 15. Let b = -1117 + 1283. What is the remainder when b is divided by w?
26
Suppose 91 = 5*f - 3*g, 2*f - 28 = -5*g + 2*g. Let n(m) = m - 1. Let i be n(1). What is the remainder when (5 - i)/5*31 is divided by f?
14
Let w = 509 - 513. Let r(f) = -13*f + 24. Calculate the remainder when 298 is divided by r(w).
70
Let o be 24/16*(-2)/(-3). What is the remainder when 22 is divided by 75/6 + o/(-6 - -8)?
9
Suppose 3*k - 1617 = 3*o, -5*k - 146*o + 147*o = -2695. Calculate the remainder when k is divided by 128.
27
Suppose -l + 692 = 2*l - 127. Calculate the remainder when l is divided by 48.
33
Suppose 38*f - 38*f = -35*f + 7805. Calculate the remainder when f is divided by 32.
31
Let h = 192 - 220. What is the remainder when 233/4 - ((-63)/h + -2) is divided by 34?
24
Let l(f) = -2*f + 44. Let o be l(21). Calculate the remainder when 1006 is divided by (-1856)/(-28) + -3 + o/(-7).
61
Let f = 706 + -480. Calculate the remainder when f is divided by 160.
66
What is the remainder when 736 is divided by ((-5)/3)/((-115)/966)?
8
Suppose 3*p - 20 = -3*v + 7, 0 = 4*p - 5*v - 36. Let d(o) = o**2 + 9*o + 21. Calculate the remainder when d(-9) is divided by p.
3
Let c = -1533 + 1585. What is the remainder when 205 is divided by c?
49
Suppose -w = 2*f + 14, -3*f + 2 = -5*f. Calculate the remainder when 1/(-4*(-2)/56) is divided by (-26)/65*(w + 2).
3
Let q = -2976 + 3425. What is the remainder when q is divided by 30?
29
Let u(g) = 2*g**2 + 2*g + 7. Suppose 4*r + 5 = -31. Let x(i) = -i**3 - 9*i**2 - i + 1. What is the remainder when u(-5) is divided by x(r)?
7
Let x = 61 - 56. Suppose 13*j - 304 = x*j. What is the remainder when 113 is divided by j?
37
Suppose -i + j + 4*j + 176 = 0, -5*j - 900 = -5*i. Suppose 4*y = -5*q + i, y + 54 = 2*q - 2*y. What is the remainder when q is divided by 10?
3
Let w = 31 + -6. Let b(v) = -2*v**3 + 6*v**2 + v - 12. What is the remainder when b(-3) is divided by w?
18
Let u = -82 + 84. Suppose 0*b = u*b - 8, 4*b = -g + 83. Calculate the remainder when g is divided by 44.
23
Suppose 5*r - 8*u + 5*u = -173, 4*r = 5*u - 141. Let d(p) = -2*p + 4. Let 